{"id":20,"date":"2026-05-04T15:37:01","date_gmt":"2026-05-04T15:37:01","guid":{"rendered":"https:\/\/apada.pt\/?page_id=20"},"modified":"2026-05-06T17:13:59","modified_gmt":"2026-05-06T17:13:59","slug":"homepage","status":"publish","type":"page","link":"https:\/\/apada.pt\/","title":{"rendered":"Homepage"},"content":{"rendered":"\t\t<div data-elementor-type=\"wp-page\" data-elementor-id=\"20\" class=\"elementor elementor-20\" data-elementor-post-type=\"page\">\n\t\t\t\t<div class=\"elementor-element elementor-element-4d6d613 e-con-full e-flex e-con e-parent\" data-id=\"4d6d613\" data-element_type=\"container\" data-e-type=\"container\" data-settings=\"{&quot;background_background&quot;:&quot;classic&quot;}\">\n\t\t\t\t<\/div>\n\t\t<div class=\"elementor-element elementor-element-f05ec3f e-con-full e-flex e-con e-parent\" data-id=\"f05ec3f\" data-element_type=\"container\" data-e-type=\"container\">\n\t\t\t\t<div class=\"elementor-element elementor-element-5fb2786 elementor-widget elementor-widget-heading\" data-id=\"5fb2786\" data-element_type=\"widget\" data-e-type=\"widget\" data-widget_type=\"heading.default\">\n\t\t\t\t\t<h2 class=\"elementor-heading-title elementor-size-default\">Eventos<\/h2>\t\t\t\t<\/div>\n\t\t\t\t<div class=\"elementor-element elementor-element-06eaaaf elementor-grid-3 elementor-grid-tablet-1 elementor-grid-mobile-1 elementor-widget elementor-widget-loop-grid\" data-id=\"06eaaaf\" data-element_type=\"widget\" data-e-type=\"widget\" data-settings=\"{&quot;template_id&quot;:375,&quot;columns&quot;:3,&quot;columns_tablet&quot;:1,&quot;_skin&quot;:&quot;post&quot;,&quot;columns_mobile&quot;:&quot;1&quot;,&quot;edit_handle_selector&quot;:&quot;[data-elementor-type=\\&quot;loop-item\\&quot;]&quot;,&quot;row_gap&quot;:{&quot;unit&quot;:&quot;px&quot;,&quot;size&quot;:&quot;&quot;,&quot;sizes&quot;:[]},&quot;row_gap_tablet&quot;:{&quot;unit&quot;:&quot;px&quot;,&quot;size&quot;:&quot;&quot;,&quot;sizes&quot;:[]},&quot;row_gap_mobile&quot;:{&quot;unit&quot;:&quot;px&quot;,&quot;size&quot;:&quot;&quot;,&quot;sizes&quot;:[]}}\" data-widget_type=\"loop-grid.post\">\n\t\t\t\t<div class=\"elementor-widget-container\">\n\t\t\t\t\t\t\t<div class=\"elementor-loop-container elementor-grid\" role=\"list\">\n\t\t<style id=\"loop-375\">.elementor-375 .elementor-element.elementor-element-871ef00{--display:flex;--border-radius:13px 13px 13px 13px;box-shadow:0px 0px 10px 0px rgba(0,0,0,0.5);--padding-top:25px;--padding-bottom:25px;--padding-left:25px;--padding-right:25px;}.elementor-375 .elementor-element.elementor-element-871ef00:not(.elementor-motion-effects-element-type-background), .elementor-375 .elementor-element.elementor-element-871ef00 > .elementor-motion-effects-container > .elementor-motion-effects-layer{background-color:var( --e-global-color-secondary );}.elementor-widget-theme-post-featured-image .widget-image-caption{color:var( --e-global-color-text );font-family:var( --e-global-typography-text-font-family ), Sans-serif;font-weight:var( --e-global-typography-text-font-weight );}.elementor-375 .elementor-element.elementor-element-1e4f323 img{width:100%;max-width:100%;height:40vh;object-fit:contain;object-position:center center;}.elementor-widget-theme-post-title .elementor-heading-title{font-family:var( --e-global-typography-primary-font-family ), Sans-serif;font-weight:var( --e-global-typography-primary-font-weight );color:var( --e-global-color-primary );}.elementor-375 .elementor-element.elementor-element-1ea02c9 .elementor-heading-title{font-family:\"Montserrat\", Sans-serif;font-weight:500;}.elementor-widget-theme-post-excerpt{font-family:var( --e-global-typography-text-font-family ), Sans-serif;font-weight:var( --e-global-typography-text-font-weight );color:var( --e-global-color-text );}.elementor-375 .elementor-element.elementor-element-aa8e301{font-family:\"Nunito Sans\", Sans-serif;font-weight:400;}.elementor-widget-theme-post-content{color:var( --e-global-color-text );font-family:var( --e-global-typography-text-font-family ), Sans-serif;font-weight:var( --e-global-typography-text-font-weight );}.elementor-375 .elementor-element.elementor-element-df468d8{text-align:justify;font-family:\"Nunito Sans\", Sans-serif;font-weight:400;}@media(max-width:1024px){.elementor-375 .elementor-element.elementor-element-1ea02c9 .elementor-heading-title{font-size:20px;}.elementor-375 .elementor-element.elementor-element-aa8e301{font-size:15px;}.elementor-375 .elementor-element.elementor-element-df468d8{font-size:15px;}}@media(max-width:767px){.elementor-375 .elementor-element.elementor-element-871ef00{--padding-top:15px;--padding-bottom:15px;--padding-left:15px;--padding-right:15px;}.elementor-375 .elementor-element.elementor-element-1ea02c9 .elementor-heading-title{font-size:19px;}.elementor-375 .elementor-element.elementor-element-df468d8{font-size:15px;}}<\/style>\t\t<div data-elementor-type=\"loop-item\" data-elementor-id=\"375\" class=\"elementor elementor-375 e-loop-item e-loop-item-431 post-431 post type-post status-publish format-standard has-post-thumbnail hentry category-eventos\" data-elementor-post-type=\"elementor_library\" data-custom-edit-handle=\"1\">\n\t\t\t<div class=\"elementor-element elementor-element-871ef00 e-con-full e-flex e-con e-parent\" data-id=\"871ef00\" data-element_type=\"container\" data-e-type=\"container\" data-settings=\"{&quot;background_background&quot;:&quot;classic&quot;}\">\n\t\t\t\t<div class=\"elementor-element elementor-element-1e4f323 elementor-widget elementor-widget-theme-post-featured-image elementor-widget-image\" data-id=\"1e4f323\" data-element_type=\"widget\" data-e-type=\"widget\" data-widget_type=\"theme-post-featured-image.default\">\n\t\t\t\t\t\t\t\t\t\t\t\t\t\t\t<img fetchpriority=\"high\" decoding=\"async\" width=\"800\" height=\"1000\" src=\"https:\/\/apada.pt\/wp-content\/uploads\/2026\/05\/PosterJornadas2026-819x1024.jpeg\" class=\"attachment-large size-large wp-image-459\" alt=\"\" srcset=\"https:\/\/apada.pt\/wp-content\/uploads\/2026\/05\/PosterJornadas2026-819x1024.jpeg 819w, https:\/\/apada.pt\/wp-content\/uploads\/2026\/05\/PosterJornadas2026-240x300.jpeg 240w, https:\/\/apada.pt\/wp-content\/uploads\/2026\/05\/PosterJornadas2026-768x960.jpeg 768w, https:\/\/apada.pt\/wp-content\/uploads\/2026\/05\/PosterJornadas2026.jpeg 1080w\" sizes=\"(max-width: 800px) 100vw, 800px\" \/>\t\t\t\t\t\t\t\t\t\t\t\t\t\t\t<\/div>\n\t\t\t\t<div class=\"elementor-element elementor-element-1ea02c9 elementor-widget elementor-widget-theme-post-title elementor-page-title elementor-widget-heading\" data-id=\"1ea02c9\" data-element_type=\"widget\" data-e-type=\"widget\" data-widget_type=\"theme-post-title.default\">\n\t\t\t\t\t<h4 class=\"elementor-heading-title elementor-size-default\">Jornadas de Aikido da APADA 2026<\/h4>\t\t\t\t<\/div>\n\t\t\t\t<div class=\"elementor-element elementor-element-aa8e301 elementor-widget elementor-widget-theme-post-excerpt\" data-id=\"aa8e301\" data-element_type=\"widget\" data-e-type=\"widget\" data-widget_type=\"theme-post-excerpt.default\">\n\t\t\t\t\tSIMEC, Cruz Quebrada, 9 e 10 de Maio 2026\t\t\t\t<\/div>\n\t\t\t\t<div class=\"elementor-element elementor-element-df468d8 elementor-widget elementor-widget-theme-post-content\" data-id=\"df468d8\" data-element_type=\"widget\" data-e-type=\"widget\" data-widget_type=\"theme-post-content.default\">\n\t\t\t\t\t\n<p>Nos pr\u00f3ximos dias 9 e 10 de Maio, voltamos a reunir-nos para um fim de semana de pr\u00e1tica e partilha.<br \/>Como habitualmente, as Jornadas ser\u00e3o orientadas por v\u00e1rios professores da APADA.<\/p>\n\n<p>Aberto a todos os praticantes com seguro desportivo activo.<\/p>\n\t\t\t\t<\/div>\n\t\t\t\t<\/div>\n\t\t\t\t<\/div>\n\t\t\t\t<div data-elementor-type=\"loop-item\" data-elementor-id=\"375\" class=\"elementor elementor-375 e-loop-item e-loop-item-186 post-186 post type-post status-publish format-standard has-post-thumbnail hentry category-eventos\" data-elementor-post-type=\"elementor_library\" data-custom-edit-handle=\"1\">\n\t\t\t<div class=\"elementor-element elementor-element-871ef00 e-con-full e-flex e-con e-parent\" data-id=\"871ef00\" data-element_type=\"container\" data-e-type=\"container\" data-settings=\"{&quot;background_background&quot;:&quot;classic&quot;}\">\n\t\t\t\t<div class=\"elementor-element elementor-element-1e4f323 elementor-widget elementor-widget-theme-post-featured-image elementor-widget-image\" data-id=\"1e4f323\" data-element_type=\"widget\" data-e-type=\"widget\" data-widget_type=\"theme-post-featured-image.default\">\n\t\t\t\t\t\t\t\t\t\t\t\t\t\t\t<img decoding=\"async\" width=\"723\" height=\"1024\" src=\"https:\/\/apada.pt\/wp-content\/uploads\/2026\/05\/Aikido-para-Criancas-723x1024.avif\" class=\"attachment-large size-large wp-image-187\" alt=\"\" srcset=\"https:\/\/apada.pt\/wp-content\/uploads\/2026\/05\/Aikido-para-Criancas-723x1024.avif 723w, https:\/\/apada.pt\/wp-content\/uploads\/2026\/05\/Aikido-para-Criancas-212x300.avif 212w, https:\/\/apada.pt\/wp-content\/uploads\/2026\/05\/Aikido-para-Criancas-768x1088.avif 768w, https:\/\/apada.pt\/wp-content\/uploads\/2026\/05\/Aikido-para-Criancas.avif 960w\" sizes=\"(max-width: 723px) 100vw, 723px\" \/>\t\t\t\t\t\t\t\t\t\t\t\t\t\t\t<\/div>\n\t\t\t\t<div class=\"elementor-element elementor-element-1ea02c9 elementor-widget elementor-widget-theme-post-title elementor-page-title elementor-widget-heading\" data-id=\"1ea02c9\" data-element_type=\"widget\" data-e-type=\"widget\" data-widget_type=\"theme-post-title.default\">\n\t\t\t\t\t<h4 class=\"elementor-heading-title elementor-size-default\">Jornadas de Aikido para crian\u00e7as<\/h4>\t\t\t\t<\/div>\n\t\t\t\t<div class=\"elementor-element elementor-element-aa8e301 elementor-widget elementor-widget-theme-post-excerpt\" data-id=\"aa8e301\" data-element_type=\"widget\" data-e-type=\"widget\" data-widget_type=\"theme-post-excerpt.default\">\n\t\t\t\t\tSIMECQ, Cruz Quebrada, 6 de Abril de 2025\t\t\t\t<\/div>\n\t\t\t\t<div class=\"elementor-element elementor-element-df468d8 elementor-widget elementor-widget-theme-post-content\" data-id=\"df468d8\" data-element_type=\"widget\" data-e-type=\"widget\" data-widget_type=\"theme-post-content.default\">\n\t\t\t\t\t\n<p>Orienta\u00e7\u00e3o de Francisco Eus\u00e9bio, Gon\u00e7alo Almeida e Tiago Hirth<\/p>\n\n\n\n<p>No dia 6 de Abril uma pr\u00e1tica conjunta com as diversas classes de crian\u00e7as da APADA seguida de diversas atividades.<\/p>\n\n\n\n<p><\/p>\n\t\t\t\t<\/div>\n\t\t\t\t<\/div>\n\t\t\t\t<\/div>\n\t\t\t\t<div data-elementor-type=\"loop-item\" data-elementor-id=\"375\" class=\"elementor elementor-375 e-loop-item e-loop-item-225 post-225 post type-post status-publish format-standard has-post-thumbnail hentry category-eventos\" data-elementor-post-type=\"elementor_library\" data-custom-edit-handle=\"1\">\n\t\t\t<div class=\"elementor-element elementor-element-871ef00 e-con-full e-flex e-con e-parent\" data-id=\"871ef00\" data-element_type=\"container\" data-e-type=\"container\" data-settings=\"{&quot;background_background&quot;:&quot;classic&quot;}\">\n\t\t\t\t<div class=\"elementor-element elementor-element-1e4f323 elementor-widget elementor-widget-theme-post-featured-image elementor-widget-image\" data-id=\"1e4f323\" data-element_type=\"widget\" data-e-type=\"widget\" data-widget_type=\"theme-post-featured-image.default\">\n\t\t\t\t\t\t\t\t\t\t\t\t\t\t\t<img decoding=\"async\" width=\"800\" height=\"376\" src=\"https:\/\/apada.pt\/wp-content\/uploads\/2026\/05\/estagio-rodrigo-dias.avif\" class=\"attachment-large size-large wp-image-233\" alt=\"\" srcset=\"https:\/\/apada.pt\/wp-content\/uploads\/2026\/05\/estagio-rodrigo-dias.avif 959w, https:\/\/apada.pt\/wp-content\/uploads\/2026\/05\/estagio-rodrigo-dias-300x141.avif 300w, https:\/\/apada.pt\/wp-content\/uploads\/2026\/05\/estagio-rodrigo-dias-768x361.avif 768w\" sizes=\"(max-width: 800px) 100vw, 800px\" \/>\t\t\t\t\t\t\t\t\t\t\t\t\t\t\t<\/div>\n\t\t\t\t<div class=\"elementor-element elementor-element-1ea02c9 elementor-widget elementor-widget-theme-post-title elementor-page-title elementor-widget-heading\" data-id=\"1ea02c9\" data-element_type=\"widget\" data-e-type=\"widget\" data-widget_type=\"theme-post-title.default\">\n\t\t\t\t\t<h4 class=\"elementor-heading-title elementor-size-default\">Est\u00e1gio com Rodrigo Dias<\/h4>\t\t\t\t<\/div>\n\t\t\t\t<div class=\"elementor-element elementor-element-aa8e301 elementor-widget elementor-widget-theme-post-excerpt\" data-id=\"aa8e301\" data-element_type=\"widget\" data-e-type=\"widget\" data-widget_type=\"theme-post-excerpt.default\">\n\t\t\t\t\tAzambuja, 23 de Novembro de 2024\nOrienta\u00e7\u00e3o de Rodrigo Dias, Cinto Negro APADA\t\t\t\t<\/div>\n\t\t\t\t<div class=\"elementor-element elementor-element-df468d8 elementor-widget elementor-widget-theme-post-content\" data-id=\"df468d8\" data-element_type=\"widget\" data-e-type=\"widget\" data-widget_type=\"theme-post-content.default\">\n\t\t\t\t\t\n<p>A 23 de Novembro de 2024, nos Bombeiros Volunt\u00e1rios de Azambuja, o professor Rodrigo Dias, Cinto Negro da A.P.A.D.A., dirigiu um est\u00e1gio para partilhar a sua pr\u00e1tica de Aikido, com a Escola de Artes Marciais Hawaianas que engloba o Kenpo da Chow Hoon Ohana dos Bombeiros Volunt\u00e1rios de Azambuja, do Sensei Nuno Gaspar.<\/p>\n\t\t\t\t<\/div>\n\t\t\t\t<\/div>\n\t\t\t\t<\/div>\n\t\t\t\t<\/div>\n\t\t\n\t\t\t\t\t\t<\/div>\n\t\t\t\t<\/div>\n\t\t\t\t<\/div>\n\t\t<div class=\"elementor-element elementor-element-f657dce e-con-full e-flex e-con e-parent\" data-id=\"f657dce\" data-element_type=\"container\" data-e-type=\"container\" data-settings=\"{&quot;background_background&quot;:&quot;classic&quot;}\">\n\t\t<div class=\"elementor-element elementor-element-54d0afe e-con-full e-flex e-con e-child\" data-id=\"54d0afe\" data-element_type=\"container\" data-e-type=\"container\" data-settings=\"{&quot;background_background&quot;:&quot;classic&quot;}\">\n\t\t\t\t<div class=\"elementor-element elementor-element-a1c2cf1 elementor-widget elementor-widget-heading\" data-id=\"a1c2cf1\" data-element_type=\"widget\" data-e-type=\"widget\" data-widget_type=\"heading.default\">\n\t\t\t\t\t<h2 class=\"elementor-heading-title elementor-size-default\">Onde praticar<\/h2>\t\t\t\t<\/div>\n\t\t\t\t<div class=\"elementor-element elementor-element-2e56cde elementor-widget elementor-widget-text-editor\" data-id=\"2e56cde\" data-element_type=\"widget\" data-e-type=\"widget\" data-widget_type=\"text-editor.default\">\n\t\t\t\t\t\t\t\t\t<p>A APADA promove aulas regulares em v\u00e1rias localiza\u00e7\u00f5es. Consulta a p\u00e1gina abaixo para saberes os hor\u00e1rios e os locais dispon\u00edveis.<\/p>\t\t\t\t\t\t\t\t<\/div>\n\t\t\t\t<div class=\"elementor-element elementor-element-c2e9546 elementor-align-center elementor-widget elementor-widget-button\" data-id=\"c2e9546\" data-element_type=\"widget\" data-e-type=\"widget\" data-widget_type=\"button.default\">\n\t\t\t\t\t\t\t\t\t\t<a class=\"elementor-button elementor-button-link elementor-size-sm\" href=\"https:\/\/apada.pt\/index.php\/onde-praticar\/\">\n\t\t\t\t\t\t<span class=\"elementor-button-content-wrapper\">\n\t\t\t\t\t\t\t\t\t<span class=\"elementor-button-text\">Ver Aulas<\/span>\n\t\t\t\t\t<\/span>\n\t\t\t\t\t<\/a>\n\t\t\t\t\t\t\t\t<\/div>\n\t\t\t\t<div class=\"elementor-element elementor-element-797af1d elementor-widget elementor-widget-gallery\" data-id=\"797af1d\" data-element_type=\"widget\" data-e-type=\"widget\" data-settings=\"{&quot;columns_mobile&quot;:2,&quot;aspect_ratio&quot;:&quot;1:1&quot;,&quot;image_hover_animation&quot;:&quot;grow&quot;,&quot;gap_tablet&quot;:{&quot;unit&quot;:&quot;px&quot;,&quot;size&quot;:5,&quot;sizes&quot;:[]},&quot;gap_mobile&quot;:{&quot;unit&quot;:&quot;px&quot;,&quot;size&quot;:2,&quot;sizes&quot;:[]},&quot;lazyload&quot;:&quot;yes&quot;,&quot;gallery_layout&quot;:&quot;grid&quot;,&quot;columns&quot;:4,&quot;columns_tablet&quot;:2,&quot;gap&quot;:{&quot;unit&quot;:&quot;px&quot;,&quot;size&quot;:10,&quot;sizes&quot;:[]},&quot;link_to&quot;:&quot;file&quot;,&quot;content_hover_animation&quot;:&quot;fade-in&quot;}\" data-widget_type=\"gallery.default\">\n\t\t\t\t\t\t\t<div class=\"elementor-gallery__container\">\n\t\t\t\t\t\t\t<a class=\"e-gallery-item elementor-gallery-item elementor-animated-content\" href=\"https:\/\/apada.pt\/wp-content\/uploads\/2026\/05\/aulas-aikido1.jpg\" data-elementor-open-lightbox=\"yes\" data-elementor-lightbox-slideshow=\"797af1d\" data-elementor-lightbox-title=\"aulas-aikido1\" data-e-action-hash=\"#elementor-action%3Aaction%3Dlightbox%26settings%3DeyJpZCI6MzkxLCJ1cmwiOiJodHRwczpcL1wvYXBhZGEucHRcL3dwLWNvbnRlbnRcL3VwbG9hZHNcLzIwMjZcLzA1XC9hdWxhcy1haWtpZG8xLmpwZyIsInNsaWRlc2hvdyI6Ijc5N2FmMWQifQ%3D%3D\">\n\t\t\t\t\t<div class=\"e-gallery-image elementor-gallery-item__image\" data-thumbnail=\"https:\/\/apada.pt\/wp-content\/uploads\/2026\/05\/aulas-aikido1-768x576.jpg\" data-width=\"768\" data-height=\"576\" aria-label=\"\" role=\"img\" ><\/div>\n\t\t\t\t\t\t\t\t\t\t\t\t\t\t<\/a>\n\t\t\t\t\t\t\t<a class=\"e-gallery-item elementor-gallery-item elementor-animated-content\" href=\"https:\/\/apada.pt\/wp-content\/uploads\/2026\/05\/aulas-apada5.jpg\" data-elementor-open-lightbox=\"yes\" data-elementor-lightbox-slideshow=\"797af1d\" data-elementor-lightbox-title=\"aulas-apada5\" data-e-action-hash=\"#elementor-action%3Aaction%3Dlightbox%26settings%3DeyJpZCI6Mzk1LCJ1cmwiOiJodHRwczpcL1wvYXBhZGEucHRcL3dwLWNvbnRlbnRcL3VwbG9hZHNcLzIwMjZcLzA1XC9hdWxhcy1hcGFkYTUuanBnIiwic2xpZGVzaG93IjoiNzk3YWYxZCJ9\">\n\t\t\t\t\t<div class=\"e-gallery-image elementor-gallery-item__image\" data-thumbnail=\"https:\/\/apada.pt\/wp-content\/uploads\/2026\/05\/aulas-apada5-768x576.jpg\" data-width=\"768\" data-height=\"576\" aria-label=\"\" role=\"img\" ><\/div>\n\t\t\t\t\t\t\t\t\t\t\t\t\t\t<\/a>\n\t\t\t\t\t\t\t<a class=\"e-gallery-item elementor-gallery-item elementor-animated-content\" href=\"https:\/\/apada.pt\/wp-content\/uploads\/2026\/05\/aulas-apada3.jpg\" data-elementor-open-lightbox=\"yes\" data-elementor-lightbox-slideshow=\"797af1d\" data-elementor-lightbox-title=\"aulas-apada3\" data-e-action-hash=\"#elementor-action%3Aaction%3Dlightbox%26settings%3DeyJpZCI6MzkzLCJ1cmwiOiJodHRwczpcL1wvYXBhZGEucHRcL3dwLWNvbnRlbnRcL3VwbG9hZHNcLzIwMjZcLzA1XC9hdWxhcy1hcGFkYTMuanBnIiwic2xpZGVzaG93IjoiNzk3YWYxZCJ9\">\n\t\t\t\t\t<div class=\"e-gallery-image elementor-gallery-item__image\" data-thumbnail=\"https:\/\/apada.pt\/wp-content\/uploads\/2026\/05\/aulas-apada3-768x576.jpg\" data-width=\"768\" data-height=\"576\" aria-label=\"\" role=\"img\" ><\/div>\n\t\t\t\t\t\t\t\t\t\t\t\t\t\t<\/a>\n\t\t\t\t\t\t\t<a class=\"e-gallery-item elementor-gallery-item elementor-animated-content\" href=\"https:\/\/apada.pt\/wp-content\/uploads\/2026\/05\/aulas-apada2.jpg\" data-elementor-open-lightbox=\"yes\" data-elementor-lightbox-slideshow=\"797af1d\" data-elementor-lightbox-title=\"aulas-apada2\" data-e-action-hash=\"#elementor-action%3Aaction%3Dlightbox%26settings%3DeyJpZCI6MzkyLCJ1cmwiOiJodHRwczpcL1wvYXBhZGEucHRcL3dwLWNvbnRlbnRcL3VwbG9hZHNcLzIwMjZcLzA1XC9hdWxhcy1hcGFkYTIuanBnIiwic2xpZGVzaG93IjoiNzk3YWYxZCJ9\">\n\t\t\t\t\t<div class=\"e-gallery-image elementor-gallery-item__image\" data-thumbnail=\"https:\/\/apada.pt\/wp-content\/uploads\/2026\/05\/aulas-apada2-768x576.jpg\" data-width=\"768\" data-height=\"576\" aria-label=\"\" role=\"img\" ><\/div>\n\t\t\t\t\t\t\t\t\t\t\t\t\t\t<\/a>\n\t\t\t\t\t<\/div>\n\t\t\t\t\t<\/div>\n\t\t\t\t<\/div>\n\t\t\t\t<\/div>\n\t\t\t\t<\/div>\n\t\t","protected":false},"excerpt":{"rendered":"<p>Eventos Onde praticar A APADA promove aulas regulares em v\u00e1rias localiza\u00e7\u00f5es. Consulta a p\u00e1gina abaixo para saberes os hor\u00e1rios e os locais dispon\u00edveis. Ver Aulas<\/p>\n","protected":false},"author":2,"featured_media":0,"parent":0,"menu_order":0,"comment_status":"closed","ping_status":"closed","template":"","meta":{"footnotes":""},"class_list":["post-20","page","type-page","status-publish","hentry"],"yoast_head":"<!-- This site is optimized with the Yoast SEO plugin v27.5 - https:\/\/yoast.com\/product\/yoast-seo-wordpress\/ -->\n<title>Homepage - Associa\u00e7\u00e3o Portuguesa De Aikido e Disciplinas Associadas<\/title>\n<meta name=\"robots\" content=\"index, follow, max-snippet:-1, max-image-preview:large, max-video-preview:-1\" \/>\n<link rel=\"canonical\" href=\"https:\/\/apada.pt\/\" \/>\n<meta property=\"og:locale\" content=\"pt_PT\" \/>\n<meta property=\"og:type\" content=\"article\" \/>\n<meta property=\"og:title\" content=\"Homepage - Associa\u00e7\u00e3o Portuguesa De Aikido e Disciplinas Associadas\" \/>\n<meta property=\"og:description\" content=\"Eventos Onde praticar A APADA promove aulas regulares em v\u00e1rias localiza\u00e7\u00f5es. Consulta a p\u00e1gina abaixo para saberes os hor\u00e1rios e os locais dispon\u00edveis. Ver Aulas\" \/>\n<meta property=\"og:url\" content=\"https:\/\/apada.pt\/\" \/>\n<meta property=\"og:site_name\" content=\"Associa\u00e7\u00e3o Portuguesa De Aikido e Disciplinas Associadas\" \/>\n<meta property=\"article:modified_time\" content=\"2026-05-06T17:13:59+00:00\" \/>\n<meta name=\"twitter:card\" content=\"summary_large_image\" \/>\n<meta name=\"twitter:label1\" content=\"Tempo estimado de leitura\" \/>\n\t<meta name=\"twitter:data1\" content=\"2 minutos\" \/>\n<script type=\"application\/ld+json\" class=\"yoast-schema-graph\">{\"@context\":\"https:\\\/\\\/schema.org\",\"@graph\":[{\"@type\":\"WebPage\",\"@id\":\"https:\\\/\\\/apada.pt\\\/\",\"url\":\"https:\\\/\\\/apada.pt\\\/\",\"name\":\"Homepage - Associa\u00e7\u00e3o Portuguesa De Aikido e Disciplinas Associadas\",\"isPartOf\":{\"@id\":\"https:\\\/\\\/apada.pt\\\/#website\"},\"datePublished\":\"2026-05-04T15:37:01+00:00\",\"dateModified\":\"2026-05-06T17:13:59+00:00\",\"breadcrumb\":{\"@id\":\"https:\\\/\\\/apada.pt\\\/#breadcrumb\"},\"inLanguage\":\"pt-PT\",\"potentialAction\":[{\"@type\":\"ReadAction\",\"target\":[\"https:\\\/\\\/apada.pt\\\/\"]}]},{\"@type\":\"BreadcrumbList\",\"@id\":\"https:\\\/\\\/apada.pt\\\/#breadcrumb\",\"itemListElement\":[{\"@type\":\"ListItem\",\"position\":1,\"name\":\"Home\",\"item\":\"https:\\\/\\\/apada.pt\\\/\"},{\"@type\":\"ListItem\",\"position\":2,\"name\":\"Homepage\"}]},{\"@type\":\"WebSite\",\"@id\":\"https:\\\/\\\/apada.pt\\\/#website\",\"url\":\"https:\\\/\\\/apada.pt\\\/\",\"name\":\"Associa\u00e7\u00e3o Portuguesa De Aikido e Disciplinas Associadas\",\"description\":\"\u00c9 uma Associa\u00e7\u00e3o sem fins lucrativos que promove o Aikid\u00f4 criado pelo Mestre Morihei Ueshiba (Ai - harmonia, Ki - for\u00e7a c\u00f3smica - vida, Do - caminho com fim espiritual) e Disciplinas Associadas, velando por uma adequada aplica\u00e7\u00e3o dos seus princ\u00edpios.\",\"publisher\":{\"@id\":\"https:\\\/\\\/apada.pt\\\/#organization\"},\"potentialAction\":[{\"@type\":\"SearchAction\",\"target\":{\"@type\":\"EntryPoint\",\"urlTemplate\":\"https:\\\/\\\/apada.pt\\\/?s={search_term_string}\"},\"query-input\":{\"@type\":\"PropertyValueSpecification\",\"valueRequired\":true,\"valueName\":\"search_term_string\"}}],\"inLanguage\":\"pt-PT\"},{\"@type\":\"Organization\",\"@id\":\"https:\\\/\\\/apada.pt\\\/#organization\",\"name\":\"Associa\u00e7\u00e3o Portuguesa De Aikido e Disciplinas Associadas\",\"url\":\"https:\\\/\\\/apada.pt\\\/\",\"logo\":{\"@type\":\"ImageObject\",\"inLanguage\":\"pt-PT\",\"@id\":\"https:\\\/\\\/apada.pt\\\/#\\\/schema\\\/logo\\\/image\\\/\",\"url\":\"https:\\\/\\\/apada.pt\\\/wp-content\\\/uploads\\\/2026\\\/05\\\/cropped-LOGO_APADA_banner.avif\",\"contentUrl\":\"https:\\\/\\\/apada.pt\\\/wp-content\\\/uploads\\\/2026\\\/05\\\/cropped-LOGO_APADA_banner.avif\",\"width\":512,\"height\":512,\"caption\":\"Associa\u00e7\u00e3o Portuguesa De Aikido e Disciplinas Associadas\"},\"image\":{\"@id\":\"https:\\\/\\\/apada.pt\\\/#\\\/schema\\\/logo\\\/image\\\/\"}}]}<\/script>\n<!-- \/ Yoast SEO plugin. -->","yoast_head_json":{"title":"Homepage - Associa\u00e7\u00e3o Portuguesa De Aikido e Disciplinas Associadas","robots":{"index":"index","follow":"follow","max-snippet":"max-snippet:-1","max-image-preview":"max-image-preview:large","max-video-preview":"max-video-preview:-1"},"canonical":"https:\/\/apada.pt\/","og_locale":"pt_PT","og_type":"article","og_title":"Homepage - Associa\u00e7\u00e3o Portuguesa De Aikido e Disciplinas Associadas","og_description":"Eventos Onde praticar A APADA promove aulas regulares em v\u00e1rias localiza\u00e7\u00f5es. Consulta a p\u00e1gina abaixo para saberes os hor\u00e1rios e os locais dispon\u00edveis. Ver Aulas","og_url":"https:\/\/apada.pt\/","og_site_name":"Associa\u00e7\u00e3o Portuguesa De Aikido e Disciplinas Associadas","article_modified_time":"2026-05-06T17:13:59+00:00","twitter_card":"summary_large_image","twitter_misc":{"Tempo estimado de leitura":"2 minutos"},"schema":{"@context":"https:\/\/schema.org","@graph":[{"@type":"WebPage","@id":"https:\/\/apada.pt\/","url":"https:\/\/apada.pt\/","name":"Homepage - Associa\u00e7\u00e3o Portuguesa De Aikido e Disciplinas Associadas","isPartOf":{"@id":"https:\/\/apada.pt\/#website"},"datePublished":"2026-05-04T15:37:01+00:00","dateModified":"2026-05-06T17:13:59+00:00","breadcrumb":{"@id":"https:\/\/apada.pt\/#breadcrumb"},"inLanguage":"pt-PT","potentialAction":[{"@type":"ReadAction","target":["https:\/\/apada.pt\/"]}]},{"@type":"BreadcrumbList","@id":"https:\/\/apada.pt\/#breadcrumb","itemListElement":[{"@type":"ListItem","position":1,"name":"Home","item":"https:\/\/apada.pt\/"},{"@type":"ListItem","position":2,"name":"Homepage"}]},{"@type":"WebSite","@id":"https:\/\/apada.pt\/#website","url":"https:\/\/apada.pt\/","name":"Associa\u00e7\u00e3o Portuguesa De Aikido e Disciplinas Associadas","description":"\u00c9 uma Associa\u00e7\u00e3o sem fins lucrativos que promove o Aikid\u00f4 criado pelo Mestre Morihei Ueshiba (Ai - harmonia, Ki - for\u00e7a c\u00f3smica - vida, Do - caminho com fim espiritual) e Disciplinas Associadas, velando por uma adequada aplica\u00e7\u00e3o dos seus princ\u00edpios.","publisher":{"@id":"https:\/\/apada.pt\/#organization"},"potentialAction":[{"@type":"SearchAction","target":{"@type":"EntryPoint","urlTemplate":"https:\/\/apada.pt\/?s={search_term_string}"},"query-input":{"@type":"PropertyValueSpecification","valueRequired":true,"valueName":"search_term_string"}}],"inLanguage":"pt-PT"},{"@type":"Organization","@id":"https:\/\/apada.pt\/#organization","name":"Associa\u00e7\u00e3o Portuguesa De Aikido e Disciplinas Associadas","url":"https:\/\/apada.pt\/","logo":{"@type":"ImageObject","inLanguage":"pt-PT","@id":"https:\/\/apada.pt\/#\/schema\/logo\/image\/","url":"https:\/\/apada.pt\/wp-content\/uploads\/2026\/05\/cropped-LOGO_APADA_banner.avif","contentUrl":"https:\/\/apada.pt\/wp-content\/uploads\/2026\/05\/cropped-LOGO_APADA_banner.avif","width":512,"height":512,"caption":"Associa\u00e7\u00e3o Portuguesa De Aikido e Disciplinas Associadas"},"image":{"@id":"https:\/\/apada.pt\/#\/schema\/logo\/image\/"}}]}},"_links":{"self":[{"href":"https:\/\/apada.pt\/index.php\/wp-json\/wp\/v2\/pages\/20","targetHints":{"allow":["GET"]}}],"collection":[{"href":"https:\/\/apada.pt\/index.php\/wp-json\/wp\/v2\/pages"}],"about":[{"href":"https:\/\/apada.pt\/index.php\/wp-json\/wp\/v2\/types\/page"}],"author":[{"embeddable":true,"href":"https:\/\/apada.pt\/index.php\/wp-json\/wp\/v2\/users\/2"}],"replies":[{"embeddable":true,"href":"https:\/\/apada.pt\/index.php\/wp-json\/wp\/v2\/comments?post=20"}],"version-history":[{"count":34,"href":"https:\/\/apada.pt\/index.php\/wp-json\/wp\/v2\/pages\/20\/revisions"}],"predecessor-version":[{"id":414,"href":"https:\/\/apada.pt\/index.php\/wp-json\/wp\/v2\/pages\/20\/revisions\/414"}],"wp:attachment":[{"href":"https:\/\/apada.pt\/index.php\/wp-json\/wp\/v2\/media?parent=20"}],"curies":[{"name":"wp","href":"https:\/\/api.w.org\/{rel}","templated":true}]}}